7 + (-14 - -17) + 68
76
What is the value of -44 - (-35 + -46) - (-12 + 2 + 0)?
47
What is 99 - (14 + -1) - 176?
-90
What is the value of -2 - (-16 + (-28 - -19) - (-2 - 8))?
13
Calculate 27 + -3 + (1 - 8 - (775 - 768)).
10
1 + -9 + (65 - (-6 + 11) - 21)
31
What is the value of (-15 - -40 - 50) + -1 + 15?
-11
What is the value of 62 + (-94 + 0 - -49)?
17
Calculate 8 + 12 + (-304 - -315).
31
Calculate 53 + (7 - 14 - ((-3 - 1) + (-6 - -4))).
52
What is the value of -236 + (335 - 220) + 1 + 19 + 1?
-100
What is the value of 14 + (-313 - -267 - (6 - -2))?
-40
53 + 12 + (11 - (2 + 12)) + -8
54
What is the value of -40 - (22 - (47 + 61))?
46
Evaluate (-1 - 8) + 99 + (75 - 147).
18
Evaluate -12 - 8 - (-145 - (-45 - -60)).
140
Evaluate -91 - (-93 - (-9 - 66)).
-73
Calculate 4 + 13 + -21 + 15 + (-1 - 9) + 2.
3
What is -11 + (5 - -17) + (-9 - -8) + -20?
-10
Evaluate (-14 - -38 - -8 - -114) + -9 + 4.
141
Evaluate 3 - (-1 + 25) - (198 - (86 + 76)).
-57
223 + -234 + -60 + -2 + 5
-68
Calculate -7 + 3 + 5 - 14 - (-41 + -13 - 65).
106
Calculate 12 + (-11 - (9 + -6 - -1)) + -57.
-60
-1 + 6 - (-145 + 16 + 17) - (-127 - -142)
102
Calculate (0 - -62) + (-2024 - -1994).
32
Evaluate -60 - (42 - 112) - (6 + (0 - -1)).
3
Evaluate (17 - 24) + (-7 - -10) + (2 + 2 - 9).
-9
What is 39 + 6 + -6 - (12 + 8 + -17 + 7)?
29
Calculate 10 + 9 + -7 - (61 - (7 + 7)).
-35
-11 + 20 + -28 - (3 + -4)
-18
What is -68 + (79 - 15) + -9 - ((1 - 9) + 1)?
-6
What is -19 + (15 + -2 - -28 - 2)?
20
What is the value of -52 - -40 - -5 - (-1 - (15 + 0))?
9
(-117 - -127) + 2 + (-1 - (-124 + 4))
131
Calculate -27 - (22 - (-5 - 3) - 3).
-54
29 - (7 + -16 - (3 + (-18 - -8) + 8))
39
-17 + (39 - 17) - (-29 + -6 + 5 + 1)
34
What is the value of 140 + -90 + 106 + -66?
90
Calculate 10 + -2 - (573 - 543).
-22
What is the value of 67 + 76 + -69 - 60?
14
What is the value of (2 + -9 + 2 - 106) + 933 + -922?
-100
-232 - -244 - ((1 - 0) + -4)
15
What is (35 - 24 - (-71 - -3)) + -12 + 17?
84
What is the value of (1 - (-1 - 65)) + -56 + -95 + 147?
63
Evaluate -1 + (7 - (-9 + (-3 - -8))) + -53.
-43
Calculate (-18 - (-35 + (-23 - -37))) + (0 - 0) + -3.
0
Evaluate -63 + (-1 + 16 - (-5 - 8)).
-35
Calculate 139 + -11 + 54 + -77 + -5.
100
What is (16 - 2) + -30 + 6 + -23?
-33
What is the value of 61 + -131 + 102 + 59?
91
6 + -12 + (-6 + 1 - -14) + 14 + -21
-4
Calculate -7 + (10 - (3 + (-7 - 2) + 17)).
-8
-235 + 257 + (-19 - -1)
4
Evaluate 9 - ((6 - (22 - 5)) + 55) - (2 + 0).
-37
Evaluate -60 - (109 - 140 - -42).
-71
What is -10 + ((1 - 51) + -3 + (16 - 9) - 12)?
-68
What is (102 - (-77 + 126)) + -46?
7
Evaluate 83 - (-20 + (17 - -28)) - 21.
37
Evaluate (-6 - 52 - -81) + (2 - 116).
-91
Evaluate 35 - (-48 + 14 + 62).
7
Calculate 27 - (142 - (-103 - -130)).
-88
Evaluate 10 + -63 - -110 - 6.
51
What is the value of (-912 - -915) + (-2 - (-1 + -5)) + 2 - -1?
10
Evaluate (-11 - 6 - (-61 - (8 - 13))) + 17.
56
1048 + -1035 + -25 + 0 + -1 + 6
-7
What is the value of (-17 - (12 + -40)) + 6 + -7?
10
What is 4 + -17 + 8 + 5 + -5 - (110 + -5)?
-110
-12 + 2 + 6 - (12 + -13 - 55)
52
-96 + (-16 + -1 - -35)
-78
What is the value of -34 + 22 + (-36 - (4 + -1)) - -11?
-40
(-23 + 3 - (-5 - (1 - 0))) + -343 + 329
-28
Evaluate 45 + 22 + -12 + -131.
-76
What is the value of 10 + -11 + ((16 - 18) + -8 - -4)?
-7
Calculate 26 + -12 - (-34 - 2).
50
Evaluate -11 + 47 - (1 - (6 + 6) - -15).
32
What is -4 + -2 + (-34 - -27 - 13)?
-26
What is 1 - 2 - 21 - (69044 - 69070)?
4
Calculate 12 - ((14 - (-25 - (11 + -46))) + 72).
-64
What is 35 + -5 - (-26 + 54) - (3 - -1)?
-2
What is (110 - 129) + 3 + (-2 - 18)?
-36
What is the value of -2152 + 2208 - (-5 - (4 + -37))?
28
What is (89 - -34) + (-248 - -115)?
-10
Calculate 29 - (-4 - -6 - 7 - ((-25 - -21) + -7)).
23
What is the value of 111 + (-150 - -67) + (-14 + 0 - -1)?
15
Calculate (-5 - (21 - 5)) + -43.
-64
What is 29990 + -29984 + 0 + -63?
-57
Calculate 28 - ((31 - 33 - 19) + 3).
46
What is the value of 22 + -26 + (13 - -19)?
28
(-63 - -41 - -93) + -35
36
Calculate -1944 + 1968 - (-5 - 1).
30
What is the value of -9 + (-38 - (-178 - -29))?
102
(529 - 554) + 23 + -8 + 5 + -17
-22
Calculate (-85 - -197) + (7 - 88).
31
87 + -1 + (-143 + 194 - 74)
63
Calculate 11 - 3 - (62 - 4) - (-59 - -55).
-46
What is the value of 20 + (3 - (5 - 18)) - 12?
24
Evaluate 47 - (-48 - (-46 + -36)).
13
What is -15 - (2 - 0) - (-24 + -7 - -16)?
-2
What is the value of -86 + (2 + 1 - -16 - (-34 - (39 - 82)))?
-76
What is the value of -29 - 25 - -120 - -8?
74
Calculate (2 - -11) + -22 - -12 - 1.
2
What is 111 + -82 - (77 + -6)?
-42
-1 - 3 - (-27 + (-7 - -2) - (97 + -81))
44
Calculate 70 - (142 + -178 + -40).
146
Calculate -18 - (9 + (-1 + -16 - (24 + -117))).
-103
What is 31 + -18 + 11 + -2 + 8?
30
3 + 6 + 24 + -18 + -8
7
Calculate -20 + (51 - 42) + 6.
-5
What is -6 + 10 + (10 - 6) + -26 + -35?
-53
What is the value of 5794 - 5781 - (-1 - 45)?
59
(1107 - 1101) + (-2 - -61 - 1) + -3
61
(7 - -1) + -92 + (7 - 1) + (-11 - -9)
-80
Evaluate 53 + 10 + 29 + (-3 - 19).
70
Evaluate (-5 + 3 - 88 - -5) + 18 + -24 + 8.
-83
What is the value of -19 + (18 - 18 - -18) - -18?
17
Calculate ((-65 - -58) + 16 - (0 + 45)) + (-11 - -1).
-46
Calculate -101 + (61 - -83) + -44.
-1
What is the value of 15 + -3 + 0 - (-7348 + 7313)?
47
Calculate (5 - (9 - 24)) + 2 - -33.
55
Evaluate -2 + 0 - -6 - (-142 - (140 - 277)).
9
Calculate 0 - -2 - ((0 - (-23 - 2)) + -14).
-9
Calculate (-23 - (0 - 30)) + -9 - (9 + -1).
-10
41 + (-68 - (-4 - (38 - 15)))
0
Calculate (-19 - (-26 - (21 - 19))) + -91 + (-2 - 3).
-87
Calculate (-11 + 49 - -41) + (-18 - 1) - -6.
66
What is (4 - 49) + (-823 - -913)?
45
What is 144 + -280 - (-83 - 23)?
-30
What is the value of 156 - (88 + 127) - (2 + 0 + -18)?
-43
Evaluate -73 - (-88 + (44 - -6)).
-35
Evaluate -13 - (0 + 1) - (-58 + (98 - 60)).
6
What is the value of (23 - 3) + 17 + -25?
12
Calculate -60 - (-30 + 34 + -31).
-33
Evaluate 8 - 1 - (-5 - (-73 + 12) - -2).
-51
What is -10 - -14 - (-23 + -5 + -1)?
33
Calculate -7 + (-33 - -40) - 73.
-73
Calculate -249 + 29 - (-521 + 412).
-111
What is 9 + (46 - 16) + 8?
47
What is (4 - 9) + -112 + 95 + 35?
13
Calculate (1 - (-23 - -11 - -10)) + 12 + (37 - -36).
88
What is the value of 92 + -162 - (-12 + -180)?
122
Evaluate -30 + 68 + -39 + -22.
-23
Evaluate 45 + (42 - 168) + -4 + 3.
-82
-33 + 80 + -13 + -87 - 26
-79
Evaluate 32 + (23 - (-5 - (-8 - (18 + -13 + 6)))).
41
Evaluate 0 + (1 - 104 - -56) + (0 - -4).
-43
Calculate -22 + 5 + 8 + -1 - (0 + -2) - 0.
-8
Evaluate 10 + 55 + (-7 - -1 - 1) + 19.
77
What is 37 + 1 + 0 + 44 + -62 + 58 + -46?
32
What is 11 - (1 + 11 - (65 + -55)) - 34?
-25
-21 + (-34 + 28 - (4 - (16 - -5)))
-10
What is the value of (-5 - (9 - (-4 + 10))) + -124 + 10?
-122
(-114 - (-1 + -69)) + (20 - -1)
-23
-31 - (7 + (12 - 16) - -3)
-37
Calculate 0 + -3 + 1 - -16 - (15280 - 15327).
61
Calculate (-8 - -24) + (-26 - (2 - -4)).
-16
Calculate 88 + 2 + (2064 - 2252).
-98
What is the value of (2 - (3 + -46) - -4) + -4 + (13 - 1)?
57
(-8 - (34 + -7) - -8) + 68
41
What is the value of 13 + -17 - -69 - 127?
-62
What is (1821 - 1819) + 0 + 3?
5
What is the value of -8 - (10 - 42 - (3 - (-8 + 24))) - -55?
66
What is the value of 31 + -11 + -7 - (7 - -37) - 14?
-45
-31 + 27 - (9 + 7) - -49
29
Evaluate -41 + (-35 - -27) + 0 + -6 + 14.
-41
(94 - 302) + 195 + 1 + (1 - -6) + 23
18
Calculate 32 + 4 + -5 + -42.
-11
Calculate (186 - 190) + 32 + -53.
-25
Evaluate -9 + -74 + 34 - 5.
-54
What is 18946 + -18952 - (0 + -81)?
75
Calculate -38 + (17 - (-29 - 50)).
58
Evaluate -374 - -357 - (2 - 71).
52
What is 105 + 46 + (52 - 161)?
42
33 - 44 - -52 - 49
-8
Calculate (8 - (7 + -5) - -4) + -11 + (-4 - 2).
-7
What is the value of -3 + -89 - (-1 + 39 + -58)?
-72
What is the value of -1 + (1 - 2) + (-103 + -2 - -55)?
-52
What is -34 + (-12 + -4 + 7 - 0)?
-43
Calculate (19 - (16 + (4 - 5)) - (6 + -1)) + 45.
44
-70 - (-201 - -119) - -44
56
Evaluate (2 - 6) + (61 - (10 - 10)) + 88 + -101.
44
What is -12 - ((19 - 12) + -35 - (-1 - -14))?
29
Evaluate 17646 - 17640 - (0 - (-29 - -1)).
-22
Calculate (12 - 82) + -384 + 478.
24
((10 - -75) + -24 - 27) + -7
27
(2 - 98) + (1188 - 1021)
71
What is the value of 1 + -54 - (-2 + 22 + -54 - -44)?
-63
Evaluate 4 - 0 - (13 - 16) - (12 - 27).
22
(-16 + 0 - 3) + 49 + 50
80